{"id":63261,"date":"2026-01-30T21:21:39","date_gmt":"2026-01-31T00:21:39","guid":{"rendered":"https:\/\/9bits.com.ar\/v31\/producto\/soporte-celular-ajustable-xo-c107-para-espejo-retrovisor\/"},"modified":"2026-04-16T13:00:19","modified_gmt":"2026-04-16T16:00:19","slug":"soporte-celular-ajustable-xo-c107-para-espejo-retrovisor","status":"publish","type":"product","link":"https:\/\/9bits.com.ar\/v31\/producto\/soporte-celular-ajustable-xo-c107-para-espejo-retrovisor\/","title":{"rendered":"SOPORTE CELULAR AJUSTABLE XO-C107 PARA ESPEJO RETROVISOR"},"content":{"rendered":"<p>Espa\u00f1ol: Nombre : XO-C107<br \/>\nMaterial : PC x ABS x Silicona<br \/>\nPar\u00e1metros t\u00e9cnicos : Soporte para tel\u00e9fono m\u00f3vil para espejo retrovisor, apertura del brazo 5-25 mm, apertura del portabrocas 60-100 mm<br \/>\nTemperatura ambiente de uso : Alta temperatura 80 ?, baja temperatura -20 ?<br \/>\nRango de producto aplicable : Adecuado para tel\u00e9fonos m\u00f3viles de 4.0-6.9 pulgadas, con apertura de brazo ajustable seg\u00fan el producto<br \/>\nPeso del producto : Metal desnudo 103 \u00b1 3 g<br \/>\nEntorno de uso : Alta temperatura 50 ?, baja temperatura -50 ?, humedad 95% a 25 ?<br \/>\nTama\u00f1o del producto : 157 x 115 x 77,5 mm<br \/>\nEscena aplicable : Espejo de coche, modelo general<\/p>\n","protected":false},"excerpt":{"rendered":"<p>Espa\u00f1ol: Nombre : XO-C107 Material : PC x ABS x Silicona Par\u00e1metros t\u00e9cnicos : Soporte para tel\u00e9fono m\u00f3vil para espejo&hellip;<\/p>\n","protected":false},"featured_media":63312,"comment_status":"open","ping_status":"closed","template":"","meta":{"advanced_seo_description":"","jetpack_seo_html_title":"","jetpack_seo_noindex":false},"product_brand":[],"product_cat":[818],"product_tag":[],"class_list":{"0":"post-63261","1":"product","2":"type-product","3":"status-publish","4":"has-post-thumbnail","6":"product_cat-accesorios","8":"first","9":"instock","10":"shipping-taxable","11":"purchasable","12":"product-type-simple","13":"add-to-wishlist-before_image"},"jetpack_likes_enabled":false,"jetpack_sharing_enabled":true,"_links":{"self":[{"href":"https:\/\/9bits.com.ar\/v31\/wp-json\/wp\/v2\/product\/63261","targetHints":{"allow":["GET"]}}],"collection":[{"href":"https:\/\/9bits.com.ar\/v31\/wp-json\/wp\/v2\/product"}],"about":[{"href":"https:\/\/9bits.com.ar\/v31\/wp-json\/wp\/v2\/types\/product"}],"replies":[{"embeddable":true,"href":"https:\/\/9bits.com.ar\/v31\/wp-json\/wp\/v2\/comments?post=63261"}],"wp:featuredmedia":[{"embeddable":true,"href":"https:\/\/9bits.com.ar\/v31\/wp-json\/wp\/v2\/media\/63312"}],"wp:attachment":[{"href":"https:\/\/9bits.com.ar\/v31\/wp-json\/wp\/v2\/media?parent=63261"}],"wp:term":[{"taxonomy":"product_brand","embeddable":true,"href":"https:\/\/9bits.com.ar\/v31\/wp-json\/wp\/v2\/product_brand?post=63261"},{"taxonomy":"product_cat","embeddable":true,"href":"https:\/\/9bits.com.ar\/v31\/wp-json\/wp\/v2\/product_cat?post=63261"},{"taxonomy":"product_tag","embeddable":true,"href":"https:\/\/9bits.com.ar\/v31\/wp-json\/wp\/v2\/product_tag?post=63261"}],"curies":[{"name":"wp","href":"https:\/\/api.w.org\/{rel}","templated":true}]}}