{"id":63179,"date":"2026-01-21T18:30:38","date_gmt":"2026-01-21T21:30:38","guid":{"rendered":"https:\/\/9bits.com.ar\/v31\/producto\/smart-tv-box-4k-2gb-16gb-nm-tvbox4-netmak\/"},"modified":"2026-04-13T08:58:11","modified_gmt":"2026-04-13T11:58:11","slug":"smart-tv-box-4k-2gb-16gb-nm-tvbox4-netmak","status":"publish","type":"product","link":"https:\/\/9bits.com.ar\/v31\/producto\/smart-tv-box-4k-2gb-16gb-nm-tvbox4-netmak\/","title":{"rendered":"SMART TV BOX 4K 2GB\/16GB NM-TVBOX4 NETMAK"},"content":{"rendered":"<p>NM-TVBOX4<br \/>\nTV Box 4K Android 10.0 con 16GB RAM\/2GB ROM<br \/>\nDescripci\u00f3n<br \/>\nSe conecta a Internet por conexi\u00f3n inal\u00e1mbrica WiFi o por cable para que puedas reproducir contenido multimedia (como v\u00eddeos, pel\u00edculas, y m\u00fasica), navegar por internet, bajar miles de aplicaciones y juegos, o revisar tus redes sociales y correo electr\u00f3nico.<\/p>\n<p>ESPECIFICACIONES:<\/p>\n<p>\u2022 Memoria RAM: 2GB.<br \/>\n\u2022 Memoria ROM: 16GB (Expandible a 32GB).<br \/>\n\u2022 Procesador: Allwinner H313 Quad Core ARM Cortex A53.<br \/>\n\u2022 Sistema operativo: Android 10.0<br \/>\n\u2022 Conexi\u00f3n WIFI 2.4\/5.8 Ghz y Ethernet.<br \/>\n\u2022 Alimentaci\u00f3n: 5V &#8211; 2A<br \/>\n\u2022 Salida: Puerto HD.<br \/>\n\u2022 Entrada Red LAN RJ45<br \/>\n\u2022 4 Puertos USB para conexi\u00f3n de perif\u00e9ricos.<br \/>\n\u2022 Puerto de salida de audio y video.<br \/>\n\u2022 Ranura para memoria SD.<br \/>\n\u2022 Incluye control remoto.<\/p>\n","protected":false},"excerpt":{"rendered":"<p>NM-TVBOX4 TV Box 4K Android 10.0 con 16GB RAM\/2GB ROM Descripci\u00f3n Se conecta a Internet por conexi\u00f3n inal\u00e1mbrica WiFi o&hellip;<\/p>\n","protected":false},"featured_media":63213,"comment_status":"open","ping_status":"closed","template":"","meta":{"advanced_seo_description":"","jetpack_seo_html_title":"","jetpack_seo_noindex":false},"product_brand":[],"product_cat":[803],"product_tag":[],"class_list":{"0":"post-63179","1":"product","2":"type-product","3":"status-publish","4":"has-post-thumbnail","6":"product_cat-streaming","8":"first","9":"instock","10":"shipping-taxable","11":"purchasable","12":"product-type-simple","13":"add-to-wishlist-before_image"},"jetpack_likes_enabled":false,"jetpack_sharing_enabled":true,"_links":{"self":[{"href":"https:\/\/9bits.com.ar\/v31\/wp-json\/wp\/v2\/product\/63179","targetHints":{"allow":["GET"]}}],"collection":[{"href":"https:\/\/9bits.com.ar\/v31\/wp-json\/wp\/v2\/product"}],"about":[{"href":"https:\/\/9bits.com.ar\/v31\/wp-json\/wp\/v2\/types\/product"}],"replies":[{"embeddable":true,"href":"https:\/\/9bits.com.ar\/v31\/wp-json\/wp\/v2\/comments?post=63179"}],"wp:featuredmedia":[{"embeddable":true,"href":"https:\/\/9bits.com.ar\/v31\/wp-json\/wp\/v2\/media\/63213"}],"wp:attachment":[{"href":"https:\/\/9bits.com.ar\/v31\/wp-json\/wp\/v2\/media?parent=63179"}],"wp:term":[{"taxonomy":"product_brand","embeddable":true,"href":"https:\/\/9bits.com.ar\/v31\/wp-json\/wp\/v2\/product_brand?post=63179"},{"taxonomy":"product_cat","embeddable":true,"href":"https:\/\/9bits.com.ar\/v31\/wp-json\/wp\/v2\/product_cat?post=63179"},{"taxonomy":"product_tag","embeddable":true,"href":"https:\/\/9bits.com.ar\/v31\/wp-json\/wp\/v2\/product_tag?post=63179"}],"curies":[{"name":"wp","href":"https:\/\/api.w.org\/{rel}","templated":true}]}}