{"id":62675,"date":"2025-10-16T20:18:18","date_gmt":"2025-10-16T23:18:18","guid":{"rendered":"https:\/\/9bits.com.ar\/v31\/producto\/mousepad-disney-princesa-x-tech\/"},"modified":"2026-04-16T13:02:50","modified_gmt":"2026-04-16T16:02:50","slug":"mousepad-disney-princesa-x-tech","status":"publish","type":"product","link":"https:\/\/9bits.com.ar\/v31\/producto\/mousepad-disney-princesa-x-tech\/","title":{"rendered":"MOUSEPAD DISNEY PRINCESA X-TECH"},"content":{"rendered":"<p>Dise\u00f1o de Princesa impreso a color<br \/>\nSuperficie de tela que ofrece m\u00ednima fricci\u00f3n para deslizar el mouse con m\u00e1xima precisi\u00f3n y velocidad<br \/>\nBase de goma antideslizante<br \/>\nDise\u00f1o delgado y flexible<br \/>\nEspecificaciones<br \/>\nTipo: Alfombrilla cl\u00e1sica para mouse<br \/>\nMaterial: Superficie de tela con base de goma natural<br \/>\nDimensiones (LaxAnxAl): 22x18x0,2cm<br \/>\nGarant\u00eda: Un a\u00f1o<\/p>\n","protected":false},"excerpt":{"rendered":"<p>Dise\u00f1o de Princesa impreso a color Superficie de tela que ofrece m\u00ednima fricci\u00f3n para deslizar el mouse con m\u00e1xima precisi\u00f3n&hellip;<\/p>\n","protected":false},"featured_media":62682,"comment_status":"open","ping_status":"closed","template":"","meta":{"advanced_seo_description":"","jetpack_seo_html_title":"","jetpack_seo_noindex":false},"product_brand":[],"product_cat":[37],"product_tag":[],"class_list":{"0":"post-62675","1":"product","2":"type-product","3":"status-publish","4":"has-post-thumbnail","6":"product_cat-teclados-mouse-y-webcam","8":"first","9":"instock","10":"shipping-taxable","11":"purchasable","12":"product-type-simple","13":"add-to-wishlist-before_image"},"jetpack_likes_enabled":false,"jetpack_sharing_enabled":true,"_links":{"self":[{"href":"https:\/\/9bits.com.ar\/v31\/wp-json\/wp\/v2\/product\/62675","targetHints":{"allow":["GET"]}}],"collection":[{"href":"https:\/\/9bits.com.ar\/v31\/wp-json\/wp\/v2\/product"}],"about":[{"href":"https:\/\/9bits.com.ar\/v31\/wp-json\/wp\/v2\/types\/product"}],"replies":[{"embeddable":true,"href":"https:\/\/9bits.com.ar\/v31\/wp-json\/wp\/v2\/comments?post=62675"}],"wp:featuredmedia":[{"embeddable":true,"href":"https:\/\/9bits.com.ar\/v31\/wp-json\/wp\/v2\/media\/62682"}],"wp:attachment":[{"href":"https:\/\/9bits.com.ar\/v31\/wp-json\/wp\/v2\/media?parent=62675"}],"wp:term":[{"taxonomy":"product_brand","embeddable":true,"href":"https:\/\/9bits.com.ar\/v31\/wp-json\/wp\/v2\/product_brand?post=62675"},{"taxonomy":"product_cat","embeddable":true,"href":"https:\/\/9bits.com.ar\/v31\/wp-json\/wp\/v2\/product_cat?post=62675"},{"taxonomy":"product_tag","embeddable":true,"href":"https:\/\/9bits.com.ar\/v31\/wp-json\/wp\/v2\/product_tag?post=62675"}],"curies":[{"name":"wp","href":"https:\/\/api.w.org\/{rel}","templated":true}]}}