{"id":62674,"date":"2025-10-16T20:18:16","date_gmt":"2025-10-16T23:18:16","guid":{"rendered":"https:\/\/9bits.com.ar\/v31\/producto\/mouse-klipxtreme-slimsurfer-inalambrico-4-b-negro\/"},"modified":"2026-04-16T13:02:42","modified_gmt":"2026-04-16T16:02:42","slug":"mouse-klipxtreme-slimsurfer-inalambrico-4-b-negro","status":"publish","type":"product","link":"https:\/\/9bits.com.ar\/v31\/producto\/mouse-klipxtreme-slimsurfer-inalambrico-4-b-negro\/","title":{"rendered":"MOUSE KLIPXTREME SLIMSURFER INALAMBRICO 4 B NEGRO"},"content":{"rendered":"<p>Mouse \u00f3ptico inal\u00e1mbrico de 4 botones con c\u00f3modo dise\u00f1o ergon\u00f3mico.<br \/>\nRat\u00f3n silencioso con 90% menos ruido que los dispositivos de entrada tradicionales.<br \/>\nTecnolog\u00eda de 2,4 GHz con un alcance efectivo de hasta 10 m.<br \/>\nLigero y ultra-port\u00e1til.<br \/>\nDise\u00f1o elegante y estilizado.<br \/>\nDise\u00f1o ambidiestro vers\u00e1til.<br \/>\nFabricado con materiales de calidad, para una sensaci\u00f3n mejorada y mayor control.<br \/>\nResoluci\u00f3n ajustable de 800, 1200 o 1600 dpi para satisfacer tus necesidades.<br \/>\nSensor \u00f3ptico HD de alta precisi\u00f3n.<br \/>\nInterruptor de encendido para ayudarte a ahorrar bater\u00eda.<br \/>\nEspacio en el mouse para almacenar y proteger el receptor USB de p\u00e9rdidas y da\u00f1os.<br \/>\nCompatible con Microsoft Windows OS y macOS.<\/p>\n","protected":false},"excerpt":{"rendered":"<p>Mouse \u00f3ptico inal\u00e1mbrico de 4 botones con c\u00f3modo dise\u00f1o ergon\u00f3mico. Rat\u00f3n silencioso con 90% menos ruido que los dispositivos de&hellip;<\/p>\n","protected":false},"featured_media":62680,"comment_status":"open","ping_status":"closed","template":"","meta":{"advanced_seo_description":"","jetpack_seo_html_title":"","jetpack_seo_noindex":false},"product_brand":[],"product_cat":[37],"product_tag":[],"class_list":{"0":"post-62674","1":"product","2":"type-product","3":"status-publish","4":"has-post-thumbnail","6":"product_cat-teclados-mouse-y-webcam","8":"first","9":"instock","10":"shipping-taxable","11":"purchasable","12":"product-type-simple","13":"add-to-wishlist-before_image"},"jetpack_likes_enabled":false,"jetpack_sharing_enabled":true,"_links":{"self":[{"href":"https:\/\/9bits.com.ar\/v31\/wp-json\/wp\/v2\/product\/62674","targetHints":{"allow":["GET"]}}],"collection":[{"href":"https:\/\/9bits.com.ar\/v31\/wp-json\/wp\/v2\/product"}],"about":[{"href":"https:\/\/9bits.com.ar\/v31\/wp-json\/wp\/v2\/types\/product"}],"replies":[{"embeddable":true,"href":"https:\/\/9bits.com.ar\/v31\/wp-json\/wp\/v2\/comments?post=62674"}],"wp:featuredmedia":[{"embeddable":true,"href":"https:\/\/9bits.com.ar\/v31\/wp-json\/wp\/v2\/media\/62680"}],"wp:attachment":[{"href":"https:\/\/9bits.com.ar\/v31\/wp-json\/wp\/v2\/media?parent=62674"}],"wp:term":[{"taxonomy":"product_brand","embeddable":true,"href":"https:\/\/9bits.com.ar\/v31\/wp-json\/wp\/v2\/product_brand?post=62674"},{"taxonomy":"product_cat","embeddable":true,"href":"https:\/\/9bits.com.ar\/v31\/wp-json\/wp\/v2\/product_cat?post=62674"},{"taxonomy":"product_tag","embeddable":true,"href":"https:\/\/9bits.com.ar\/v31\/wp-json\/wp\/v2\/product_tag?post=62674"}],"curies":[{"name":"wp","href":"https:\/\/api.w.org\/{rel}","templated":true}]}}