{"id":62672,"date":"2025-10-16T20:18:11","date_gmt":"2025-10-16T23:18:11","guid":{"rendered":"https:\/\/9bits.com.ar\/v31\/producto\/smart-watch-performance-band-y15-black\/"},"modified":"2026-04-27T12:58:12","modified_gmt":"2026-04-27T15:58:12","slug":"smart-watch-performance-band-y15-black","status":"publish","type":"product","link":"https:\/\/9bits.com.ar\/v31\/producto\/smart-watch-performance-band-y15-black\/","title":{"rendered":"SMART WATCH PERFORMANCE BAND Y15 BLACK"},"content":{"rendered":"<p>Android 5.1 o superior, iOS 8.0 o superior<br \/>\nRAM + ROM: 192 KB, ROM: 64 MB<br \/>\nTipo de LCD: TFT<br \/>\nTama\u00f1o de pantalla: 0,96 pulgadas<br \/>\nRelaci\u00f3n de resoluci\u00f3n: 80 x 160<br \/>\nPanel t\u00e1ctil: Simple Toque<br \/>\nBT 5.0 BLE (Bluetooth de bajo consumo)<br \/>\nLlamada Bluetooth: No<br \/>\nBater\u00eda: 90 mAh<br \/>\nResistente al polvo y al agua hasta 3 ATM<br \/>\nTama\u00f1o (mm): 56,8 x 18,2 x 12,5<br \/>\nPeso: 22 g<br \/>\nColor: Negro<br \/>\nRegistro de ejercicio: Pasos, distancia, calor\u00edas, modo de ejercicio<br \/>\nMensajes: Almacenamiento de informaci\u00f3n, notificaciones de aplicaciones, etc.<br \/>\nGesti\u00f3n de la salud: Frecuencia card\u00edaca, saturaci\u00f3n de ox\u00edgeno en sangre, presi\u00f3n arterial, seguimiento del sue\u00f1o<br \/>\nOtras funciones: b\u00fasqueda de tel\u00e9fono, cron\u00f3metro, reproductor de m\u00fasica<br \/>\nPersonalizaci\u00f3n de marcaci\u00f3n, env\u00edo de mensajes, despertador diario, control de fotos, informaci\u00f3n meteorol\u00f3gica<br \/>\nBuscar dispositivo, formato de hora, periodo del modo No molestar, recordatorio de sedentarismo, recordatorio de agua<\/p>\n<p>&nbsp;<\/p>\n","protected":false},"excerpt":{"rendered":"<p>Android 5.1 o superior, iOS 8.0 o superior RAM + ROM: 192 KB, ROM: 64 MB Tipo de LCD: TFT&hellip;<\/p>\n","protected":false},"featured_media":62699,"comment_status":"open","ping_status":"closed","template":"","meta":{"advanced_seo_description":"","jetpack_seo_html_title":"","jetpack_seo_noindex":false},"product_brand":[],"product_cat":[91],"product_tag":[773],"class_list":{"0":"post-62672","1":"product","2":"type-product","3":"status-publish","4":"has-post-thumbnail","6":"product_cat-smartwatch","7":"product_tag-smartwatch","9":"first","10":"instock","11":"shipping-taxable","12":"purchasable","13":"product-type-simple","14":"add-to-wishlist-before_image"},"jetpack_likes_enabled":false,"jetpack_sharing_enabled":true,"_links":{"self":[{"href":"https:\/\/9bits.com.ar\/v31\/wp-json\/wp\/v2\/product\/62672","targetHints":{"allow":["GET"]}}],"collection":[{"href":"https:\/\/9bits.com.ar\/v31\/wp-json\/wp\/v2\/product"}],"about":[{"href":"https:\/\/9bits.com.ar\/v31\/wp-json\/wp\/v2\/types\/product"}],"replies":[{"embeddable":true,"href":"https:\/\/9bits.com.ar\/v31\/wp-json\/wp\/v2\/comments?post=62672"}],"wp:featuredmedia":[{"embeddable":true,"href":"https:\/\/9bits.com.ar\/v31\/wp-json\/wp\/v2\/media\/62699"}],"wp:attachment":[{"href":"https:\/\/9bits.com.ar\/v31\/wp-json\/wp\/v2\/media?parent=62672"}],"wp:term":[{"taxonomy":"product_brand","embeddable":true,"href":"https:\/\/9bits.com.ar\/v31\/wp-json\/wp\/v2\/product_brand?post=62672"},{"taxonomy":"product_cat","embeddable":true,"href":"https:\/\/9bits.com.ar\/v31\/wp-json\/wp\/v2\/product_cat?post=62672"},{"taxonomy":"product_tag","embeddable":true,"href":"https:\/\/9bits.com.ar\/v31\/wp-json\/wp\/v2\/product_tag?post=62672"}],"curies":[{"name":"wp","href":"https:\/\/api.w.org\/{rel}","templated":true}]}}