{"id":62440,"date":"2025-09-05T18:26:11","date_gmt":"2025-09-05T21:26:11","guid":{"rendered":"https:\/\/9bits.com.ar\/v31\/producto\/mouse-logitech-g203-lightsync-gamer-white\/"},"modified":"2026-05-15T17:51:18","modified_gmt":"2026-05-15T20:51:18","slug":"mouse-logitech-g203-lightsync-gamer-white","status":"publish","type":"product","link":"https:\/\/9bits.com.ar\/v31\/producto\/mouse-logitech-g203-lightsync-gamer-white\/","title":{"rendered":"MOUSE LOGITECH G203 LIGHTSYNC GAMER WHITE"},"content":{"rendered":"<p>ESPECIFICACIONES T\u00c9CNICAS<br \/>\nIluminaci\u00f3n RGB LIGHTSYNC<br \/>\n6 botones programables<br \/>\nResoluci\u00f3n: 200 \u0096 8.000 dpi<br \/>\nRESPUESTA<br \/>\nFormato de datos USB: 16 bits\/eje<br \/>\nVelocidad de respuesta USB: 1.000 Hz (1 ms)<br \/>\nMicroprocesador: ARM de 32 bits<br \/>\nREQUISITOS<br \/>\nWindows\u00ae 7 o posteriores<br \/>\nmacOS 10.13 o posteriores<br \/>\nChrome OSTM<br \/>\nPuerto USB<br \/>\nESPECIFICACIONES F\u00cdSICAS<br \/>\nAltura: 116,6 mm<br \/>\nAnchura: 62,15 mm<br \/>\nProfundidad: 38,2 mm<br \/>\nPeso: 85 g (s\u00f3lo mouse)<br \/>\nLongitud del cable: 2,1 m<\/p>\n<p>&nbsp;<\/p>\n","protected":false},"excerpt":{"rendered":"<p>ESPECIFICACIONES T\u00c9CNICAS Iluminaci\u00f3n RGB LIGHTSYNC 6 botones programables Resoluci\u00f3n: 200 \u0096 8.000 dpi RESPUESTA Formato de datos USB: 16 bits\/eje&hellip;<\/p>\n","protected":false},"featured_media":62481,"comment_status":"open","ping_status":"closed","template":"","meta":{"advanced_seo_description":"","jetpack_seo_html_title":"","jetpack_seo_noindex":false},"product_brand":[],"product_cat":[37],"product_tag":[802],"class_list":{"0":"post-62440","1":"product","2":"type-product","3":"status-publish","4":"has-post-thumbnail","6":"product_cat-teclados-mouse-y-webcam","7":"product_tag-gamer","9":"first","10":"instock","11":"shipping-taxable","12":"purchasable","13":"product-type-simple","14":"add-to-wishlist-before_image"},"jetpack_likes_enabled":false,"jetpack_sharing_enabled":true,"_links":{"self":[{"href":"https:\/\/9bits.com.ar\/v31\/wp-json\/wp\/v2\/product\/62440","targetHints":{"allow":["GET"]}}],"collection":[{"href":"https:\/\/9bits.com.ar\/v31\/wp-json\/wp\/v2\/product"}],"about":[{"href":"https:\/\/9bits.com.ar\/v31\/wp-json\/wp\/v2\/types\/product"}],"replies":[{"embeddable":true,"href":"https:\/\/9bits.com.ar\/v31\/wp-json\/wp\/v2\/comments?post=62440"}],"wp:featuredmedia":[{"embeddable":true,"href":"https:\/\/9bits.com.ar\/v31\/wp-json\/wp\/v2\/media\/62481"}],"wp:attachment":[{"href":"https:\/\/9bits.com.ar\/v31\/wp-json\/wp\/v2\/media?parent=62440"}],"wp:term":[{"taxonomy":"product_brand","embeddable":true,"href":"https:\/\/9bits.com.ar\/v31\/wp-json\/wp\/v2\/product_brand?post=62440"},{"taxonomy":"product_cat","embeddable":true,"href":"https:\/\/9bits.com.ar\/v31\/wp-json\/wp\/v2\/product_cat?post=62440"},{"taxonomy":"product_tag","embeddable":true,"href":"https:\/\/9bits.com.ar\/v31\/wp-json\/wp\/v2\/product_tag?post=62440"}],"curies":[{"name":"wp","href":"https:\/\/api.w.org\/{rel}","templated":true}]}}