{"id":62219,"date":"2025-08-11T12:29:56","date_gmt":"2025-08-11T15:29:56","guid":{"rendered":"https:\/\/9bits.com.ar\/v31\/producto\/mouse-genius-ergo-8300s-wireless-black-vertical\/"},"modified":"2026-04-16T12:59:13","modified_gmt":"2026-04-16T15:59:13","slug":"mouse-genius-ergo-8300s-wireless-black-vertical","status":"publish","type":"product","link":"https:\/\/9bits.com.ar\/v31\/producto\/mouse-genius-ergo-8300s-wireless-black-vertical\/","title":{"rendered":"MOUSE GENIUS ERGO 8300S WIRELESS BLACK VERTICAL"},"content":{"rendered":"<p>Modelo: Ergo 8300S<br \/>\nFrecuencia RF: 2.4 GHz<br \/>\nDistancia de Trabajo: Hasta 10 metros<br \/>\nSensor: \u00d3ptico<br \/>\nResoluci\u00f3n (DPI): 1000 \/ 1200 (Por defecto) \/ 1600<br \/>\nN\u00famero de Botones: 7 ( izquierda, derecha, bot\u00f3n medio con desplazamiento, p\u00e1gina adelante \/ atras, niveles de DPI )<br \/>\nTipo de Bateria AAA<br \/>\nPeso (gramos): Mouse: aprox. 83 g<br \/>\nReceptor de USB: aprox. 2 g<br \/>\nDimensiones (L x A x P) mm (pulgadas)<br \/>\nMouse: 79 x 100.3 x 61.2 ( 3.11 x 3.95 x 2.41 )<br \/>\nReceptor de USB: 14.3 x 18.5 x 6 ( 0.562 x 0.728 x 0.236 )<br \/>\nManual de Usuario S\u00ed,<br \/>\nErgo 8300S (Multi-idioma) Descargar<br \/>\nRequerimiento de Sistema: Windows\u00ae 8, 10, 11 \u00f3 despues \/ macOS X 10.8 despues<br \/>\nColores: Negro, Gris Hierro<br \/>\n* Color e imagen del producto demostrado en el paquete es de referencia unicamente. Dir\u00edjase al producto f\u00edsico para referencia real.<\/p>\n<p>Contenido:<br \/>\nErgo 8300S ( mouse inal\u00e1mbrico )<br \/>\nReceptor USB x 1<br \/>\nPila alcalina AAA x 2<br \/>\nGu\u00eda r\u00e1pida en multi lenguaje<\/p>\n","protected":false},"excerpt":{"rendered":"<p>Modelo: Ergo 8300S Frecuencia RF: 2.4 GHz Distancia de Trabajo: Hasta 10 metros Sensor: \u00d3ptico Resoluci\u00f3n (DPI): 1000 \/ 1200&hellip;<\/p>\n","protected":false},"featured_media":62236,"comment_status":"open","ping_status":"closed","template":"","meta":{"advanced_seo_description":"","jetpack_seo_html_title":"","jetpack_seo_noindex":false},"product_brand":[],"product_cat":[37],"product_tag":[],"class_list":{"0":"post-62219","1":"product","2":"type-product","3":"status-publish","4":"has-post-thumbnail","6":"product_cat-teclados-mouse-y-webcam","8":"first","9":"instock","10":"shipping-taxable","11":"purchasable","12":"product-type-simple","13":"add-to-wishlist-before_image"},"jetpack_likes_enabled":false,"jetpack_sharing_enabled":true,"_links":{"self":[{"href":"https:\/\/9bits.com.ar\/v31\/wp-json\/wp\/v2\/product\/62219","targetHints":{"allow":["GET"]}}],"collection":[{"href":"https:\/\/9bits.com.ar\/v31\/wp-json\/wp\/v2\/product"}],"about":[{"href":"https:\/\/9bits.com.ar\/v31\/wp-json\/wp\/v2\/types\/product"}],"replies":[{"embeddable":true,"href":"https:\/\/9bits.com.ar\/v31\/wp-json\/wp\/v2\/comments?post=62219"}],"wp:featuredmedia":[{"embeddable":true,"href":"https:\/\/9bits.com.ar\/v31\/wp-json\/wp\/v2\/media\/62236"}],"wp:attachment":[{"href":"https:\/\/9bits.com.ar\/v31\/wp-json\/wp\/v2\/media?parent=62219"}],"wp:term":[{"taxonomy":"product_brand","embeddable":true,"href":"https:\/\/9bits.com.ar\/v31\/wp-json\/wp\/v2\/product_brand?post=62219"},{"taxonomy":"product_cat","embeddable":true,"href":"https:\/\/9bits.com.ar\/v31\/wp-json\/wp\/v2\/product_cat?post=62219"},{"taxonomy":"product_tag","embeddable":true,"href":"https:\/\/9bits.com.ar\/v31\/wp-json\/wp\/v2\/product_tag?post=62219"}],"curies":[{"name":"wp","href":"https:\/\/api.w.org\/{rel}","templated":true}]}}