{"id":61467,"date":"2025-03-26T19:18:54","date_gmt":"2025-03-26T22:18:54","guid":{"rendered":"https:\/\/9bits.com.ar\/v31\/producto\/monitor-32-cx-pf236m-vga-hdmi-frameless\/"},"modified":"2026-04-27T12:59:25","modified_gmt":"2026-04-27T15:59:25","slug":"monitor-32-cx-pf236m-vga-hdmi-frameless","status":"publish","type":"product","link":"https:\/\/9bits.com.ar\/v31\/producto\/monitor-32-cx-pf236m-vga-hdmi-frameless\/","title":{"rendered":"MONITOR 32 CX PF236M VGA\/HDMI FRAMELESS"},"content":{"rendered":"<p>MONITOR 32 CX PF236M cod. CX80315F<\/p>\n<p>Tipo de panel LCD TFT<br \/>\nTama\u00f1o de panel 32<br \/>\n\u00c1rea de visualizaci\u00f3n efectiva 698.4 (H) \u00d7 392.85 (V)<br \/>\nRelaci\u00f3n de aspecto 16:09<br \/>\nResoluci\u00f3n \u00f3ptima 1920 x 1080<br \/>\nTiempo de respuesta (est\u00e1ndar) 5 ms<br \/>\nBrillo 250 cd\/m\u00b2<br \/>\nRelaci\u00f3n de contraste (est\u00e1ndar) 1000:1<br \/>\n\u00c1ngulo de visualizaci\u00f3n 178\/178<br \/>\nColores de pantalla 16,7 M<br \/>\nFrecuencia de escaneo 30-80 kHz (horizontal) \/ 60-75 Hz (vertical)<br \/>\nFrecuencia de actualizaci\u00f3n 60\/75Hz<br \/>\nConectividad 1*HDMI 1*VGA<br \/>\nMontaje VESA (100 x 100 mm)<br \/>\nFuente de alimentaci\u00f3n Externa<br \/>\nColor Negro<\/p>\n","protected":false},"excerpt":{"rendered":"<p>MONITOR 32 CX PF236M cod. CX80315F Tipo de panel LCD TFT Tama\u00f1o de panel 32 \u00c1rea de visualizaci\u00f3n efectiva 698.4&hellip;<\/p>\n","protected":false},"featured_media":61471,"comment_status":"open","ping_status":"closed","template":"","meta":{"advanced_seo_description":"","jetpack_seo_html_title":"","jetpack_seo_noindex":false},"product_brand":[],"product_cat":[72],"product_tag":[],"class_list":{"0":"post-61467","1":"product","2":"type-product","3":"status-publish","4":"has-post-thumbnail","6":"product_cat-monitores","8":"first","9":"instock","10":"shipping-taxable","11":"purchasable","12":"product-type-simple","13":"add-to-wishlist-before_image"},"jetpack_likes_enabled":false,"jetpack_sharing_enabled":true,"_links":{"self":[{"href":"https:\/\/9bits.com.ar\/v31\/wp-json\/wp\/v2\/product\/61467","targetHints":{"allow":["GET"]}}],"collection":[{"href":"https:\/\/9bits.com.ar\/v31\/wp-json\/wp\/v2\/product"}],"about":[{"href":"https:\/\/9bits.com.ar\/v31\/wp-json\/wp\/v2\/types\/product"}],"replies":[{"embeddable":true,"href":"https:\/\/9bits.com.ar\/v31\/wp-json\/wp\/v2\/comments?post=61467"}],"wp:featuredmedia":[{"embeddable":true,"href":"https:\/\/9bits.com.ar\/v31\/wp-json\/wp\/v2\/media\/61471"}],"wp:attachment":[{"href":"https:\/\/9bits.com.ar\/v31\/wp-json\/wp\/v2\/media?parent=61467"}],"wp:term":[{"taxonomy":"product_brand","embeddable":true,"href":"https:\/\/9bits.com.ar\/v31\/wp-json\/wp\/v2\/product_brand?post=61467"},{"taxonomy":"product_cat","embeddable":true,"href":"https:\/\/9bits.com.ar\/v31\/wp-json\/wp\/v2\/product_cat?post=61467"},{"taxonomy":"product_tag","embeddable":true,"href":"https:\/\/9bits.com.ar\/v31\/wp-json\/wp\/v2\/product_tag?post=61467"}],"curies":[{"name":"wp","href":"https:\/\/api.w.org\/{rel}","templated":true}]}}