{"id":61230,"date":"2025-02-05T19:19:54","date_gmt":"2025-02-05T22:19:54","guid":{"rendered":"https:\/\/9bits.com.ar\/v31\/producto\/contadora-de-billetes-etheos-ctbi1000\/"},"modified":"2026-05-15T17:54:11","modified_gmt":"2026-05-15T20:54:11","slug":"contadora-de-billetes-etheos-ctbi1000","status":"publish","type":"product","link":"https:\/\/9bits.com.ar\/v31\/producto\/contadora-de-billetes-etheos-ctbi1000\/","title":{"rendered":"Contadora de billetes etheos [CTBI1000]"},"content":{"rendered":"<p><strong>Contadora de billetes<\/strong><br \/>\nVelocidad de conteo: 1000 billetes por minuto<br \/>\nCapacidad de env\u00edo y recepci\u00f3n: 130 billetes<br \/>\nRango de visualizaci\u00f3n: 1 &#8211; 999<br \/>\nInicio, pausa y limpieza autom\u00e1tico<br \/>\nDetecci\u00f3n autom\u00e1tica con funciones UV, MG, IR, MT mientras se cuenta<br \/>\nFunci\u00f3n agrupar y agregar<br \/>\nDetecci\u00f3n de billetes doblados y billetes pegados<br \/>\nEl color de la pantalla LCD cambia a rojo cuando detecta billetes falsos<br \/>\nLongitud del billete: 100 mm &#8211; 190 mm<br \/>\nAncho del billete: 50 mm &#8211; 90 mm<br \/>\nEspesor del billete: 0.075 mm &#8211; 0.15 mm<br \/>\nCompatible con la mayor\u00eda de billetes del mundo (Peso argentino, D\u00f3lar americano, Euro, Real, etc.)<br \/>\nIncluye: visor extra<\/p>\n","protected":false},"excerpt":{"rendered":"<p>Contadora de billetes Velocidad de conteo: 1000 billetes por minuto Capacidad de env\u00edo y recepci\u00f3n: 130 billetes Rango de visualizaci\u00f3n:&hellip;<\/p>\n","protected":false},"featured_media":61233,"comment_status":"open","ping_status":"closed","template":"","meta":{"advanced_seo_description":"","jetpack_seo_html_title":"","jetpack_seo_noindex":false},"product_brand":[],"product_cat":[783],"product_tag":[],"class_list":{"0":"post-61230","1":"product","2":"type-product","3":"status-publish","4":"has-post-thumbnail","6":"product_cat-importados","8":"first","9":"instock","10":"sale","11":"shipping-taxable","12":"purchasable","13":"product-type-simple","14":"add-to-wishlist-before_image"},"jetpack_likes_enabled":false,"jetpack_sharing_enabled":true,"_links":{"self":[{"href":"https:\/\/9bits.com.ar\/v31\/wp-json\/wp\/v2\/product\/61230","targetHints":{"allow":["GET"]}}],"collection":[{"href":"https:\/\/9bits.com.ar\/v31\/wp-json\/wp\/v2\/product"}],"about":[{"href":"https:\/\/9bits.com.ar\/v31\/wp-json\/wp\/v2\/types\/product"}],"replies":[{"embeddable":true,"href":"https:\/\/9bits.com.ar\/v31\/wp-json\/wp\/v2\/comments?post=61230"}],"wp:featuredmedia":[{"embeddable":true,"href":"https:\/\/9bits.com.ar\/v31\/wp-json\/wp\/v2\/media\/61233"}],"wp:attachment":[{"href":"https:\/\/9bits.com.ar\/v31\/wp-json\/wp\/v2\/media?parent=61230"}],"wp:term":[{"taxonomy":"product_brand","embeddable":true,"href":"https:\/\/9bits.com.ar\/v31\/wp-json\/wp\/v2\/product_brand?post=61230"},{"taxonomy":"product_cat","embeddable":true,"href":"https:\/\/9bits.com.ar\/v31\/wp-json\/wp\/v2\/product_cat?post=61230"},{"taxonomy":"product_tag","embeddable":true,"href":"https:\/\/9bits.com.ar\/v31\/wp-json\/wp\/v2\/product_tag?post=61230"}],"curies":[{"name":"wp","href":"https:\/\/api.w.org\/{rel}","templated":true}]}}