{"id":60615,"date":"2024-12-20T16:51:12","date_gmt":"2024-12-20T19:51:12","guid":{"rendered":"https:\/\/9bits.com.ar\/v31\/producto\/tecmousempad-x-tech-hasha-gaming-usb-espaol\/"},"modified":"2026-04-27T12:58:29","modified_gmt":"2026-04-27T15:58:29","slug":"tecmousempad-x-tech-hasha-gaming-usb-espaol","status":"publish","type":"product","link":"https:\/\/9bits.com.ar\/v31\/producto\/tecmousempad-x-tech-hasha-gaming-usb-espaol\/","title":{"rendered":"TEC+MOUSE+MPAD X-TECH HASHA GAMING USB ESPA?OL"},"content":{"rendered":"<p>Teclado y mouse ergon\u00f3micos para videojuegos con iluminaci\u00f3n multicolor<br \/>\nTeclado de membrana multimedia y mouse \u00f3ptico al\u00e1mbricos con funcionalidad plug and play<br \/>\nTeclado con 26 teclas anti-ghosting que ejecutan movimientos exactos durante los juegos<br \/>\nMouse de 3 botones para videojuegos con 1200dpi<br \/>\nAlfombrilla para mouse de videojuegos con estampado de color, bordes cosidos y base de goma resistente al deslizamiento<\/p>\n<p>&nbsp;<\/p>\n<p><a href=\"https:\/\/www.xtechamericas.com\/es\/st-productos\/interna\/combo-para-videojuegos-teclado-multimedia-en-spa-mouse-y-alfombrilla-XTK-535S\/\">https:\/\/www.xtechamericas.com\/es\/st-productos\/interna\/combo-para-videojuegos-teclado-multimedia-en-spa-mouse-y-alfombrilla-XTK-535S\/<\/a><\/p>\n","protected":false},"excerpt":{"rendered":"<p>Teclado y mouse ergon\u00f3micos para videojuegos con iluminaci\u00f3n multicolor Teclado de membrana multimedia y mouse \u00f3ptico al\u00e1mbricos con funcionalidad plug&hellip;<\/p>\n","protected":false},"featured_media":60623,"comment_status":"open","ping_status":"closed","template":"","meta":{"advanced_seo_description":"","jetpack_seo_html_title":"","jetpack_seo_noindex":false},"product_brand":[],"product_cat":[37],"product_tag":[802],"class_list":{"0":"post-60615","1":"product","2":"type-product","3":"status-publish","4":"has-post-thumbnail","6":"product_cat-teclados-mouse-y-webcam","7":"product_tag-gamer","9":"first","10":"instock","11":"shipping-taxable","12":"purchasable","13":"product-type-simple","14":"add-to-wishlist-before_image"},"jetpack_likes_enabled":false,"jetpack_sharing_enabled":true,"_links":{"self":[{"href":"https:\/\/9bits.com.ar\/v31\/wp-json\/wp\/v2\/product\/60615","targetHints":{"allow":["GET"]}}],"collection":[{"href":"https:\/\/9bits.com.ar\/v31\/wp-json\/wp\/v2\/product"}],"about":[{"href":"https:\/\/9bits.com.ar\/v31\/wp-json\/wp\/v2\/types\/product"}],"replies":[{"embeddable":true,"href":"https:\/\/9bits.com.ar\/v31\/wp-json\/wp\/v2\/comments?post=60615"}],"wp:featuredmedia":[{"embeddable":true,"href":"https:\/\/9bits.com.ar\/v31\/wp-json\/wp\/v2\/media\/60623"}],"wp:attachment":[{"href":"https:\/\/9bits.com.ar\/v31\/wp-json\/wp\/v2\/media?parent=60615"}],"wp:term":[{"taxonomy":"product_brand","embeddable":true,"href":"https:\/\/9bits.com.ar\/v31\/wp-json\/wp\/v2\/product_brand?post=60615"},{"taxonomy":"product_cat","embeddable":true,"href":"https:\/\/9bits.com.ar\/v31\/wp-json\/wp\/v2\/product_cat?post=60615"},{"taxonomy":"product_tag","embeddable":true,"href":"https:\/\/9bits.com.ar\/v31\/wp-json\/wp\/v2\/product_tag?post=60615"}],"curies":[{"name":"wp","href":"https:\/\/api.w.org\/{rel}","templated":true}]}}