{"id":59840,"date":"2024-09-30T17:52:57","date_gmt":"2024-09-30T20:52:57","guid":{"rendered":"https:\/\/9bits.com.ar\/v31\/producto\/mouse-genius-nx-8006s-black-wireless-usb-c\/"},"modified":"2026-04-16T12:58:00","modified_gmt":"2026-04-16T15:58:00","slug":"mouse-genius-nx-8006s-black-wireless-usb-c","status":"publish","type":"product","link":"https:\/\/9bits.com.ar\/v31\/producto\/mouse-genius-nx-8006s-black-wireless-usb-c\/","title":{"rendered":"MOUSE GENIUS NX-8006S BLACK WIRELESS * USB-C*"},"content":{"rendered":"<p>Link: <a href=\"https:\/\/aes.geniusnet.com\/product\/nx-8006s\/\">https:\/\/aes.geniusnet.com\/product\/nx-8006s\/<\/a><\/p>\n<p>Nombre del modelo: NX-8006S<br \/>\nFrecuencia RF: 2.4 GHz<br \/>\nMotor de sensores: Ojo azul<br \/>\nResoluci\u00f3n (DPI): 1200<br \/>\nN\u00famero de botones: 3 (izquierda, derecha y central con desplazamiento)<br \/>\nTipo de Bater\u00eda: AA<br \/>\nPeso (g): Approx. 58 g (Incluye receptor)<br \/>\nDimensiones (L x A x P) mm (pulgadas): 62.8 x 100 x 39.8 mm ( 2.5 x 3.9 x 1.57 pulgadas)<br \/>\nManual de usuario S\u00ed,<br \/>\nNX-8006S (Multi-idioma) Descargar<br \/>\nRequisitos del sistema Windows 7, 8, 8.1, 10 \/ Mac OS X 10.7.4 or later \/ Linux OS<br \/>\nColores: Negro<br \/>\n* El color del producto y las im\u00e1genes que se muestran en el paquete son \u00daNICAMENTE como referencia. Para art\u00edculos reales, consulte los productos f\u00edsicos contenidos en este documento.<\/p>\n<p>Contenido de la caja:<br \/>\nNX-8006S ( mouse inal\u00e1mbrico )<br \/>\nReceptor USB x 1<br \/>\nPila Alcalina AA x 1<br \/>\nGuia r\u00e1pida en multilenguaje<\/p>\n","protected":false},"excerpt":{"rendered":"<p>Link: https:\/\/aes.geniusnet.com\/product\/nx-8006s\/ Nombre del modelo: NX-8006S Frecuencia RF: 2.4 GHz Motor de sensores: Ojo azul Resoluci\u00f3n (DPI): 1200 N\u00famero de&hellip;<\/p>\n","protected":false},"featured_media":59894,"comment_status":"open","ping_status":"closed","template":"","meta":{"advanced_seo_description":"","jetpack_seo_html_title":"","jetpack_seo_noindex":false},"product_brand":[],"product_cat":[37],"product_tag":[],"class_list":{"0":"post-59840","1":"product","2":"type-product","3":"status-publish","4":"has-post-thumbnail","6":"product_cat-teclados-mouse-y-webcam","8":"first","9":"instock","10":"shipping-taxable","11":"purchasable","12":"product-type-simple","13":"add-to-wishlist-before_image"},"jetpack_likes_enabled":false,"jetpack_sharing_enabled":true,"_links":{"self":[{"href":"https:\/\/9bits.com.ar\/v31\/wp-json\/wp\/v2\/product\/59840","targetHints":{"allow":["GET"]}}],"collection":[{"href":"https:\/\/9bits.com.ar\/v31\/wp-json\/wp\/v2\/product"}],"about":[{"href":"https:\/\/9bits.com.ar\/v31\/wp-json\/wp\/v2\/types\/product"}],"replies":[{"embeddable":true,"href":"https:\/\/9bits.com.ar\/v31\/wp-json\/wp\/v2\/comments?post=59840"}],"wp:featuredmedia":[{"embeddable":true,"href":"https:\/\/9bits.com.ar\/v31\/wp-json\/wp\/v2\/media\/59894"}],"wp:attachment":[{"href":"https:\/\/9bits.com.ar\/v31\/wp-json\/wp\/v2\/media?parent=59840"}],"wp:term":[{"taxonomy":"product_brand","embeddable":true,"href":"https:\/\/9bits.com.ar\/v31\/wp-json\/wp\/v2\/product_brand?post=59840"},{"taxonomy":"product_cat","embeddable":true,"href":"https:\/\/9bits.com.ar\/v31\/wp-json\/wp\/v2\/product_cat?post=59840"},{"taxonomy":"product_tag","embeddable":true,"href":"https:\/\/9bits.com.ar\/v31\/wp-json\/wp\/v2\/product_tag?post=59840"}],"curies":[{"name":"wp","href":"https:\/\/api.w.org\/{rel}","templated":true}]}}