{"id":59617,"date":"2024-08-19T11:54:44","date_gmt":"2024-08-19T14:54:44","guid":{"rendered":"https:\/\/9bits.com.ar\/v31\/producto\/tablet-amazon-fire-tablet-hd-8-pulg-version-2022-pink\/"},"modified":"2026-04-16T13:03:01","modified_gmt":"2026-04-16T16:03:01","slug":"tablet-amazon-fire-tablet-hd-8-pulg-version-2022-pink","status":"publish","type":"product","link":"https:\/\/9bits.com.ar\/v31\/producto\/tablet-amazon-fire-tablet-hd-8-pulg-version-2022-pink\/","title":{"rendered":"TABLET AMAZON FIRE TABLET HD 8 PULG VERSION 2022 PINK"},"content":{"rendered":"<div class=\"col-lg-6\">\n<div class=\"product-details\">\n<div class=\"description\">\n<ul>\n<li>Modelo: Fire8<\/li>\n<li>Dimensiones 202 x 137 x 9,7 mil\u00edmetros<\/li>\n<li>Peso: 355 g<\/li>\n<li>Pantalla: HD de 8&#8243;<\/li>\n<li>Resoluci\u00f3n de pantalla (1920px x 1200px)<\/li>\n<li>Sistema operativo: Fire OS 7.0<\/li>\n<li>Procesador: Quad-Core de 1.3 GHz<\/li>\n<li>Memoria interna: 32GB<\/li>\n<li>Memoria RAM: 2GB<\/li>\n<li>Memoria interna expandible hasta 512 GB con fuente externa<\/li>\n<li>C\u00e1mara frontal de 2 MP + C\u00e1mara HD trasera de 2 MP<\/li>\n<li>Conectividad:<\/li>\n<li>Bluetooth 5.0, A2DP, LE<\/li>\n<li>Sensores Aceler\u00f3metro<\/li>\n<li>Altavoz, con altavoces est\u00e9reo<\/li>\n<li>Bateria:<\/li>\n<li>Duraci\u00f3n de la bater\u00eda Hasta 12 h<\/li>\n<li>Su procesador \u00e1gil y la duraci\u00f3n prolongada de su bater\u00eda<\/li>\n<li>Incluye:<\/li>\n<li>Adaptador<\/li>\n<li>Cable USB-C<\/li>\n<li>Gu\u00eda de inicio r\u00e1pido<\/li>\n<li>Nota: Color sujeto a disponibilidad<\/li>\n<\/ul>\n<\/div>\n<\/div>\n<\/div>\n","protected":false},"excerpt":{"rendered":"<p>Modelo: Fire8 Dimensiones 202 x 137 x 9,7 mil\u00edmetros Peso: 355 g Pantalla: HD de 8&#8243; Resoluci\u00f3n de pantalla (1920px&hellip;<\/p>\n","protected":false},"featured_media":59626,"comment_status":"closed","ping_status":"closed","template":"","meta":{"advanced_seo_description":"","jetpack_seo_html_title":"","jetpack_seo_noindex":false},"product_brand":[],"product_cat":[54],"product_tag":[788],"class_list":{"0":"post-59617","1":"product","2":"type-product","3":"status-publish","4":"has-post-thumbnail","6":"product_cat-tablet","7":"product_tag-tablets","9":"first","10":"instock","11":"shipping-taxable","12":"purchasable","13":"product-type-simple","14":"add-to-wishlist-before_image"},"jetpack_likes_enabled":false,"jetpack_sharing_enabled":true,"_links":{"self":[{"href":"https:\/\/9bits.com.ar\/v31\/wp-json\/wp\/v2\/product\/59617","targetHints":{"allow":["GET"]}}],"collection":[{"href":"https:\/\/9bits.com.ar\/v31\/wp-json\/wp\/v2\/product"}],"about":[{"href":"https:\/\/9bits.com.ar\/v31\/wp-json\/wp\/v2\/types\/product"}],"replies":[{"embeddable":true,"href":"https:\/\/9bits.com.ar\/v31\/wp-json\/wp\/v2\/comments?post=59617"}],"wp:featuredmedia":[{"embeddable":true,"href":"https:\/\/9bits.com.ar\/v31\/wp-json\/wp\/v2\/media\/59626"}],"wp:attachment":[{"href":"https:\/\/9bits.com.ar\/v31\/wp-json\/wp\/v2\/media?parent=59617"}],"wp:term":[{"taxonomy":"product_brand","embeddable":true,"href":"https:\/\/9bits.com.ar\/v31\/wp-json\/wp\/v2\/product_brand?post=59617"},{"taxonomy":"product_cat","embeddable":true,"href":"https:\/\/9bits.com.ar\/v31\/wp-json\/wp\/v2\/product_cat?post=59617"},{"taxonomy":"product_tag","embeddable":true,"href":"https:\/\/9bits.com.ar\/v31\/wp-json\/wp\/v2\/product_tag?post=59617"}],"curies":[{"name":"wp","href":"https:\/\/api.w.org\/{rel}","templated":true}]}}