{"id":59504,"date":"2024-08-07T10:05:19","date_gmt":"2024-08-07T13:05:19","guid":{"rendered":"https:\/\/9bits.com.ar\/v31\/producto\/auricular-mic-x-tech-aktive-inalambrico-negro\/"},"modified":"2026-04-27T12:58:29","modified_gmt":"2026-04-27T15:58:29","slug":"auricular-mic-x-tech-aktive-inalambrico-negro","status":"publish","type":"product","link":"https:\/\/9bits.com.ar\/v31\/producto\/auricular-mic-x-tech-aktive-inalambrico-negro\/","title":{"rendered":"AURICULAR + MIC X-TECH AKTIVE INALAMBRICO NEGRO"},"content":{"rendered":"<p>Moderno set de aud\u00edfonos deportivos con tecnolog\u00eda inal\u00e1mbrica de \u00faltima generaci\u00f3n<br \/>\nReproduce m\u00fasica en forma inal\u00e1mbrica hasta 45 metros de distancia con cualquier dispositivo compatible con Bluetooth\u00ae*<br \/>\nPuerto micro-USB para carga<br \/>\nIncluye almohadillas para los o\u00eddos de distintos tama\u00f1os para un calce perfecto<\/p>\n<p><a href=\"https:\/\/www.xtechamericas.com\/es\/st-productos\/interna\/XTH-710-esp\/\">https:\/\/www.xtechamericas.com\/es\/st-productos\/interna\/XTH-710-esp\/<\/a><\/p>\n","protected":false},"excerpt":{"rendered":"<p>Moderno set de aud\u00edfonos deportivos con tecnolog\u00eda inal\u00e1mbrica de \u00faltima generaci\u00f3n Reproduce m\u00fasica en forma inal\u00e1mbrica hasta 45 metros de&hellip;<\/p>\n","protected":false},"featured_media":59543,"comment_status":"closed","ping_status":"closed","template":"","meta":{"advanced_seo_description":"","jetpack_seo_html_title":"","jetpack_seo_noindex":false},"product_brand":[],"product_cat":[38],"product_tag":[790],"class_list":{"0":"post-59504","1":"product","2":"type-product","3":"status-publish","4":"has-post-thumbnail","6":"product_cat-auriculares-y-microfonos","7":"product_tag-tws","9":"first","10":"instock","11":"shipping-taxable","12":"purchasable","13":"product-type-simple","14":"add-to-wishlist-before_image"},"jetpack_likes_enabled":false,"jetpack_sharing_enabled":true,"_links":{"self":[{"href":"https:\/\/9bits.com.ar\/v31\/wp-json\/wp\/v2\/product\/59504","targetHints":{"allow":["GET"]}}],"collection":[{"href":"https:\/\/9bits.com.ar\/v31\/wp-json\/wp\/v2\/product"}],"about":[{"href":"https:\/\/9bits.com.ar\/v31\/wp-json\/wp\/v2\/types\/product"}],"replies":[{"embeddable":true,"href":"https:\/\/9bits.com.ar\/v31\/wp-json\/wp\/v2\/comments?post=59504"}],"wp:featuredmedia":[{"embeddable":true,"href":"https:\/\/9bits.com.ar\/v31\/wp-json\/wp\/v2\/media\/59543"}],"wp:attachment":[{"href":"https:\/\/9bits.com.ar\/v31\/wp-json\/wp\/v2\/media?parent=59504"}],"wp:term":[{"taxonomy":"product_brand","embeddable":true,"href":"https:\/\/9bits.com.ar\/v31\/wp-json\/wp\/v2\/product_brand?post=59504"},{"taxonomy":"product_cat","embeddable":true,"href":"https:\/\/9bits.com.ar\/v31\/wp-json\/wp\/v2\/product_cat?post=59504"},{"taxonomy":"product_tag","embeddable":true,"href":"https:\/\/9bits.com.ar\/v31\/wp-json\/wp\/v2\/product_tag?post=59504"}],"curies":[{"name":"wp","href":"https:\/\/api.w.org\/{rel}","templated":true}]}}