{"id":57511,"date":"2024-01-06T11:48:05","date_gmt":"2024-01-06T14:48:05","guid":{"rendered":"https:\/\/9bits.com.ar\/v31\/producto\/teclado-x-tech-armiger-gaming-usb-espaol\/"},"modified":"2026-05-13T19:11:33","modified_gmt":"2026-05-13T22:11:33","slug":"teclado-x-tech-armiger-gaming-usb-espaol","status":"publish","type":"product","link":"https:\/\/9bits.com.ar\/v31\/producto\/teclado-x-tech-armiger-gaming-usb-espaol\/","title":{"rendered":"TECLADO X-TECH ARMIGER GAMING USB ESPA?OL"},"content":{"rendered":"<p>Iluminaci\u00f3n de fondo con efecto multicolor &#8211; luces LED con modos est\u00e1tico y c\u00edclico de iluminaci\u00f3n, m\u00e1s la conexi\u00f3n y desconexi\u00f3n de las luces<br \/>\n12 teclas multimedia especiales \u0096 Control y acceso instant\u00e1neo a archivos de m\u00fasica, v\u00eddeos, correo electr\u00f3nico y mucho m\u00e1s<br \/>\nConexi\u00f3n USB con configuraci\u00f3n autom\u00e1tica plug and play \u0096 No necesita instalaci\u00f3n de controladores ni de software<br \/>\nErgon\u00f3mico \u0096 Reposamu\u00f1ecas integrado con superficie texturizada<br \/>\nPatas de goma antideslizantes &#8211; Ofrecen gran estabilidad<\/p>\n<p><a href=\"https:\/\/www.xtechamericas.com\/es\/st-productos\/interna\/XTK-510S\/\">https:\/\/www.xtechamericas.com\/es\/st-productos\/interna\/XTK-510S\/<\/a><\/p>\n","protected":false},"excerpt":{"rendered":"<p>Iluminaci\u00f3n de fondo con efecto multicolor &#8211; luces LED con modos est\u00e1tico y c\u00edclico de iluminaci\u00f3n, m\u00e1s la conexi\u00f3n y&hellip;<\/p>\n","protected":false},"featured_media":57533,"comment_status":"closed","ping_status":"closed","template":"","meta":{"advanced_seo_description":"","jetpack_seo_html_title":"","jetpack_seo_noindex":false},"product_brand":[],"product_cat":[37],"product_tag":[],"class_list":{"0":"post-57511","1":"product","2":"type-product","3":"status-publish","4":"has-post-thumbnail","6":"product_cat-teclados-mouse-y-webcam","8":"first","9":"instock","10":"shipping-taxable","11":"purchasable","12":"product-type-simple","13":"add-to-wishlist-before_image"},"jetpack_likes_enabled":false,"jetpack_sharing_enabled":true,"_links":{"self":[{"href":"https:\/\/9bits.com.ar\/v31\/wp-json\/wp\/v2\/product\/57511","targetHints":{"allow":["GET"]}}],"collection":[{"href":"https:\/\/9bits.com.ar\/v31\/wp-json\/wp\/v2\/product"}],"about":[{"href":"https:\/\/9bits.com.ar\/v31\/wp-json\/wp\/v2\/types\/product"}],"replies":[{"embeddable":true,"href":"https:\/\/9bits.com.ar\/v31\/wp-json\/wp\/v2\/comments?post=57511"}],"wp:featuredmedia":[{"embeddable":true,"href":"https:\/\/9bits.com.ar\/v31\/wp-json\/wp\/v2\/media\/57533"}],"wp:attachment":[{"href":"https:\/\/9bits.com.ar\/v31\/wp-json\/wp\/v2\/media?parent=57511"}],"wp:term":[{"taxonomy":"product_brand","embeddable":true,"href":"https:\/\/9bits.com.ar\/v31\/wp-json\/wp\/v2\/product_brand?post=57511"},{"taxonomy":"product_cat","embeddable":true,"href":"https:\/\/9bits.com.ar\/v31\/wp-json\/wp\/v2\/product_cat?post=57511"},{"taxonomy":"product_tag","embeddable":true,"href":"https:\/\/9bits.com.ar\/v31\/wp-json\/wp\/v2\/product_tag?post=57511"}],"curies":[{"name":"wp","href":"https:\/\/api.w.org\/{rel}","templated":true}]}}